{"id":15,"date":"2021-01-06T12:06:30","date_gmt":"2021-01-06T12:06:30","guid":{"rendered":"https:\/\/containerdienst-speyer.de\/?page_id=15"},"modified":"2022-07-04T19:23:13","modified_gmt":"2022-07-04T19:23:13","slug":"container-pressen","status":"publish","type":"page","link":"https:\/\/containerdienst-speyer.de\/?page_id=15","title":{"rendered":"Container &#038; Pressen"},"content":{"rendered":"<p><span style=\"font-size: x-large;\"><span style=\"font-family: Arial;\"><span style=\"color: #5261f0;\">Unsere Container und Pressen<\/span><\/span><\/span><\/p>\n<p><span style=\"font-size: large;\"><span style=\"font-family: Arial;\">Absetzcontainer offen<\/span><\/span><\/p>\n<p><span style=\"font-size: medium;\"><span style=\"font-family: Arial;\">5 m\u00b3\u00a0<\/span><\/span><span style=\"margin: 0 80px;\"><span style=\"font-size: medium;\"><span style=\"font-family: Arial;\"> L\u00e4nge: 3,1 m <span style=\"margin: 0 25px;\"><span style=\"font-size: medium;\"><span style=\"font-family: Arial;\">Breite: 1,95 m <span style=\"margin: 0 25px;\"><span style=\"font-size: medium;\"><span style=\"font-family: Arial;\">H\u00f6he: 1,25 m<\/span><\/span><\/span><\/span><\/span><\/span><\/span><\/span><\/span><\/p>\n<p><span style=\"font-size: medium;\"><span style=\"font-family: Arial;\">7 m\u00b3\u00a0<\/span><\/span><span style=\"margin: 0 80px;\"><span style=\"font-size: medium;\"><span style=\"font-family: Arial;\"> L\u00e4nge: 3,6 m <span style=\"margin: 0 25px;\"><span style=\"font-size: medium;\"><span style=\"font-family: Arial;\">Breite: 1,95 m <span style=\"margin: 0 25px;\"><span style=\"font-size: medium;\"><span style=\"font-family: Arial;\">H\u00f6he: 1,6 m<\/span><\/span><\/span><\/span><\/span><\/span><\/span><\/span><\/span><\/p>\n<p><span style=\"font-size: medium;\"><span style=\"font-family: Arial;\">10 m\u00b3\u00a0<\/span><\/span><span style=\"margin: 0 70px;\"><span style=\"font-size: medium;\"><span style=\"font-family: Arial;\"> L\u00e4nge: 4,2 m <span style=\"margin: 0 25px;\"><span style=\"font-size: medium;\"><span style=\"font-family: Arial;\">Breite: 1,95 m <span style=\"margin: 0 25px;\"><span style=\"font-size: medium;\"><span style=\"font-family: Arial;\">H\u00f6he: 2,05 m<\/span><\/span><\/span><\/span><\/span><\/span><\/span><\/span><\/span><\/p>\n<p>&nbsp;<\/p>\n<p><span style=\"font-size: large;\"><span style=\"font-family: Arial;\">Absetzcontainer mit Deckel<\/span><\/span><\/p>\n<h2><img loading=\"lazy\" decoding=\"async\" class=\"wp-image-209 alignnone\" style=\"font-size: medium; font-family: Arial;\" src=\"https:\/\/containerdienst-speyer.de\/wp-content\/uploads\/2022\/07\/IMG-20220703-WA0103-e1656923563445.jpg\" alt=\"\" width=\"293\" height=\"282\" srcset=\"https:\/\/containerdienst-speyer.de\/wp-content\/uploads\/2022\/07\/IMG-20220703-WA0103-e1656923563445.jpg 793w, https:\/\/containerdienst-speyer.de\/wp-content\/uploads\/2022\/07\/IMG-20220703-WA0103-e1656923563445-300x288.jpg 300w, https:\/\/containerdienst-speyer.de\/wp-content\/uploads\/2022\/07\/IMG-20220703-WA0103-e1656923563445-768x738.jpg 768w\" sizes=\"auto, (max-width: 293px) 100vw, 293px\" \/> <img loading=\"lazy\" decoding=\"async\" class=\"wp-image-208 alignnone\" style=\"font-size: medium; font-family: Arial;\" src=\"https:\/\/containerdienst-speyer.de\/wp-content\/uploads\/2022\/07\/IMG-20220703-WA0102-e1656923504194.jpg\" alt=\"\" width=\"264\" height=\"281\" srcset=\"https:\/\/containerdienst-speyer.de\/wp-content\/uploads\/2022\/07\/IMG-20220703-WA0102-e1656923504194.jpg 768w, https:\/\/containerdienst-speyer.de\/wp-content\/uploads\/2022\/07\/IMG-20220703-WA0102-e1656923504194-281x300.jpg 281w\" sizes=\"auto, (max-width: 264px) 100vw, 264px\" \/><\/h2>\n<p>&nbsp;<\/p>\n<p><span style=\"font-size: medium;\"><span style=\"font-family: Arial;\">5 m\u00b3 <\/span><\/span><span style=\"margin: 0 80px;\"><span style=\"font-size: medium;\"><span style=\"font-family: Arial;\">L\u00e4nge: 3,2 m <span style=\"margin: 0 25px;\"><span style=\"font-size: medium;\"><span style=\"font-family: Arial;\">Breite: 1,95 m <span style=\"margin: 0 25px;\"><span style=\"font-size: medium;\"><span style=\"font-family: Arial;\">H\u00f6he: 1,4 m<\/span><\/span><\/span><\/span><\/span><\/span><\/span><\/span><\/span><\/p>\n<p><span style=\"font-size: medium;\"><span style=\"font-family: Arial;\">7 m\u00b3\u00a0<\/span><\/span><span style=\"margin: 0 75px;\"><span style=\"font-size: medium;\"><span style=\"font-family: Arial;\"> L\u00e4nge: 3,6 m <span style=\"margin: 0 25px;\"><span style=\"font-size: medium;\"><span style=\"font-family: Arial;\">Breite: 1,95 m <span style=\"margin: 0 25px;\"><span style=\"font-size: medium;\"><span style=\"font-family: Arial;\">H\u00f6he: 1,6 m<\/span><\/span><\/span><\/span><\/span><\/span><\/span><\/span><\/span><\/p>\n<p><span style=\"font-size: medium;\"><span style=\"font-family: Arial;\">10 m\u00b3\u00a0<\/span><\/span><span style=\"margin: 0 65px;\"><span style=\"font-size: medium;\"><span style=\"font-family: Arial;\"> L\u00e4nge: 4,2 m <span style=\"margin: 0 25px;\"><span style=\"font-size: medium;\"><span style=\"font-family: Arial;\">Breite: 1,95 m <span style=\"margin: 0 25px;\"><span style=\"font-size: medium;\"><span style=\"font-family: Arial;\">H\u00f6he: 2,05 m<\/span><\/span><\/span><\/span><\/span><\/span><\/span><\/span><\/span><\/p>\n<p>&nbsp;<\/p>\n<p><span style=\"font-size: large;\"><span style=\"font-family: Arial;\">Abrollcontainer<\/span><\/span><\/p>\n<p><img loading=\"lazy\" decoding=\"async\" class=\"wp-image-211 alignnone\" src=\"https:\/\/containerdienst-speyer.de\/wp-content\/uploads\/2022\/07\/IMG-20220703-WA0079-e1656924467126.jpg\" alt=\"\" width=\"308\" height=\"231\" srcset=\"https:\/\/containerdienst-speyer.de\/wp-content\/uploads\/2022\/07\/IMG-20220703-WA0079-e1656924467126.jpg 1024w, https:\/\/containerdienst-speyer.de\/wp-content\/uploads\/2022\/07\/IMG-20220703-WA0079-e1656924467126-300x225.jpg 300w, https:\/\/containerdienst-speyer.de\/wp-content\/uploads\/2022\/07\/IMG-20220703-WA0079-e1656924467126-768x576.jpg 768w\" sizes=\"auto, (max-width: 308px) 100vw, 308px\" \/> <img loading=\"lazy\" decoding=\"async\" class=\"wp-image-210 alignnone\" src=\"https:\/\/containerdienst-speyer.de\/wp-content\/uploads\/2022\/07\/IMG-20220703-WA0078-3-e1656924448673.jpg\" alt=\"\" width=\"309\" height=\"232\" srcset=\"https:\/\/containerdienst-speyer.de\/wp-content\/uploads\/2022\/07\/IMG-20220703-WA0078-3-e1656924448673.jpg 1024w, https:\/\/containerdienst-speyer.de\/wp-content\/uploads\/2022\/07\/IMG-20220703-WA0078-3-e1656924448673-300x225.jpg 300w, https:\/\/containerdienst-speyer.de\/wp-content\/uploads\/2022\/07\/IMG-20220703-WA0078-3-e1656924448673-768x576.jpg 768w\" sizes=\"auto, (max-width: 309px) 100vw, 309px\" \/><\/p>\n<p>&nbsp;<\/p>\n<p><span style=\"font-size: medium;\"><span style=\"font-family: Arial;\">10 m\u00b3\u00a0<\/span><\/span><span style=\"margin: 0 70px;\"><span style=\"font-size: medium;\"><span style=\"font-family: Arial;\"> L\u00e4nge: 6,5 m <span style=\"margin: 0 25px;\"><span style=\"font-size: medium;\"><span style=\"font-family: Arial;\">Breite: 2,2 m <span style=\"margin: 0 25px;\"><span style=\"font-size: medium;\"><span style=\"font-family: Arial;\">H\u00f6he: 1,1 m<\/span><\/span><\/span><\/span><\/span><\/span><\/span><\/span><\/span><\/p>\n<p><span style=\"font-size: medium;\"><span style=\"font-family: Arial;\">20 m\u00b3\u00a0<\/span><\/span><span style=\"margin: 0 70px;\"><span style=\"font-size: medium;\"><span style=\"font-family: Arial;\"> L\u00e4nge: 6,5 m <span style=\"margin: 0 25px;\"><span style=\"font-size: medium;\"><span style=\"font-family: Arial;\">Breite: 2,2 m <span style=\"margin: 0 25px;\"><span style=\"font-size: medium;\"><span style=\"font-family: Arial;\">H\u00f6he: 1,6 m<\/span><\/span><\/span><\/span><\/span><\/span><\/span><\/span><\/span><\/p>\n<p><span style=\"font-size: medium;\"><span style=\"font-family: Arial;\">30 m\u00b3\u00a0<\/span><\/span><span style=\"margin: 0 70px;\"><span style=\"font-size: medium;\"><span style=\"font-family: Arial;\"> L\u00e4nge: 6,5 m <span style=\"margin: 0 25px;\"><span style=\"font-size: medium;\"><span style=\"font-family: Arial;\">Breite: 2,35 m <span style=\"margin: 0 15px;\"><span style=\"font-size: medium;\"><span style=\"font-family: Arial;\">H\u00f6he: 2,5 m<\/span><\/span><\/span><\/span><\/span><\/span><\/span><\/span><\/span><\/p>\n<p>&nbsp;<\/p>\n<p><span style=\"font-size: large;\"><span style=\"font-family: Arial;\">Presscontainer<\/span><\/span><\/p>\n<p><img loading=\"lazy\" decoding=\"async\" class=\"wp-image-218 alignnone\" src=\"https:\/\/containerdienst-speyer.de\/wp-content\/uploads\/2022\/07\/IMG-20220703-WA0054-e1656927827724.jpg\" alt=\"\" width=\"309\" height=\"232\" srcset=\"https:\/\/containerdienst-speyer.de\/wp-content\/uploads\/2022\/07\/IMG-20220703-WA0054-e1656927827724.jpg 1024w, https:\/\/containerdienst-speyer.de\/wp-content\/uploads\/2022\/07\/IMG-20220703-WA0054-e1656927827724-300x225.jpg 300w, https:\/\/containerdienst-speyer.de\/wp-content\/uploads\/2022\/07\/IMG-20220703-WA0054-e1656927827724-768x576.jpg 768w\" sizes=\"auto, (max-width: 309px) 100vw, 309px\" \/> <img loading=\"lazy\" decoding=\"async\" class=\"wp-image-217 alignnone\" src=\"https:\/\/containerdienst-speyer.de\/wp-content\/uploads\/2022\/07\/IMG-20220703-WA0086-e1656927789597.jpg\" alt=\"\" width=\"276\" height=\"233\" srcset=\"https:\/\/containerdienst-speyer.de\/wp-content\/uploads\/2022\/07\/IMG-20220703-WA0086-e1656927789597.jpg 768w, https:\/\/containerdienst-speyer.de\/wp-content\/uploads\/2022\/07\/IMG-20220703-WA0086-e1656927789597-300x253.jpg 300w\" sizes=\"auto, (max-width: 276px) 100vw, 276px\" \/><\/p>\n<p>&nbsp;<\/p>\n<p><span style=\"font-size: medium;\"><span style=\"font-family: Arial;\">10 m\u00b3\u00a0<\/span><\/span><span style=\"margin: 0 70px;\"><span style=\"font-size: medium;\"><span style=\"font-family: Arial;\"> L\u00e4nge: 4,5 m <span style=\"margin: 0 25px;\"><span style=\"font-size: medium;\"><span style=\"font-family: Arial;\">Breite: 2,0 m <span style=\"margin: 0 25px;\"><span style=\"font-size: medium;\"><span style=\"font-family: Arial;\">H\u00f6he: 2,3 m<\/span><\/span><\/span><\/span><\/span><\/span><\/span><\/span><\/span><\/p>\n<p><span style=\"font-size: medium;\"><span style=\"font-family: Arial;\">20 m\u00b3\u00a0<\/span><\/span><span style=\"margin: 0 70px;\"><span style=\"font-size: medium;\"><span style=\"font-family: Arial;\"> L\u00e4nge: 7,0 m <span style=\"margin: 0 25px;\"><span style=\"font-size: medium;\"><span style=\"font-family: Arial;\">Breite: 2,6 m <span style=\"margin: 0 25px;\"><span style=\"font-size: medium;\"><span style=\"font-family: Arial;\">H\u00f6he: 2,5 m<\/span><\/span><\/span><\/span><\/span><\/span><\/span><\/span><\/span><\/p>\n<p><span style=\"font-size: medium;\"><span style=\"font-family: Arial;\">Presscontainer verwenden wir haupts\u00e4chlich f\u00fcr gr\u00f6\u00dfere Mengen Folie, Papier und Restm\u00fcll, da sie hier besonders viele Vorteile bieten.\u00a0<\/span><\/span><\/p>\n","protected":false},"excerpt":{"rendered":"<p>Unsere Container und Pressen Absetzcontainer offen 5 m\u00b3\u00a0 L\u00e4nge: 3,1 m Breite: 1,95 m H\u00f6he: 1,25 m 7 m\u00b3\u00a0 L\u00e4nge: 3,6 m Breite: 1,95 m H\u00f6he: 1,6 m 10 m\u00b3\u00a0 L\u00e4nge: 4,2 m Breite: 1,95 m H\u00f6he: 2,05 m &nbsp; Absetzcontainer mit Deckel &nbsp; 5 m\u00b3 L\u00e4nge: 3,2 m Breite: 1,95 m H\u00f6he: 1,4 m [&hellip;]<\/p>\n","protected":false},"author":1,"featured_media":0,"parent":0,"menu_order":40,"comment_status":"closed","ping_status":"closed","template":"templates\/fullwidth.php","meta":{"footnotes":""},"class_list":["post-15","page","type-page","status-publish","hentry"],"yoast_head":"<!-- This site is optimized with the Yoast SEO plugin v20.4 - https:\/\/yoast.com\/wordpress\/plugins\/seo\/ -->\n<title>Container &amp; Pressen - Bachert Recycling<\/title>\n<meta name=\"robots\" content=\"index, follow, max-snippet:-1, max-image-preview:large, max-video-preview:-1\" \/>\n<link rel=\"canonical\" href=\"https:\/\/containerdienst-speyer.de\/?page_id=15\" \/>\n<meta property=\"og:locale\" content=\"de_DE\" \/>\n<meta property=\"og:type\" content=\"article\" \/>\n<meta property=\"og:title\" content=\"Container &amp; Pressen - Bachert Recycling\" \/>\n<meta property=\"og:description\" content=\"Unsere Container und Pressen Absetzcontainer offen 5 m\u00b3\u00a0 L\u00e4nge: 3,1 m Breite: 1,95 m H\u00f6he: 1,25 m 7 m\u00b3\u00a0 L\u00e4nge: 3,6 m Breite: 1,95 m H\u00f6he: 1,6 m 10 m\u00b3\u00a0 L\u00e4nge: 4,2 m Breite: 1,95 m H\u00f6he: 2,05 m &nbsp; Absetzcontainer mit Deckel &nbsp; 5 m\u00b3 L\u00e4nge: 3,2 m Breite: 1,95 m H\u00f6he: 1,4 m [&hellip;]\" \/>\n<meta property=\"og:url\" content=\"https:\/\/containerdienst-speyer.de\/?page_id=15\" \/>\n<meta property=\"og:site_name\" content=\"Bachert Recycling\" \/>\n<meta property=\"article:modified_time\" content=\"2022-07-04T19:23:13+00:00\" \/>\n<meta property=\"og:image\" content=\"https:\/\/containerdienst-speyer.de\/wp-content\/uploads\/2022\/07\/IMG-20220703-WA0103-e1656923563445.jpg\" \/>\n<meta name=\"twitter:card\" content=\"summary_large_image\" \/>\n<meta name=\"twitter:label1\" content=\"Gesch\u00e4tzte Lesezeit\" \/>\n\t<meta name=\"twitter:data1\" content=\"3\u00a0Minuten\" \/>\n<script type=\"application\/ld+json\" class=\"yoast-schema-graph\">{\"@context\":\"https:\/\/schema.org\",\"@graph\":[{\"@type\":\"WebPage\",\"@id\":\"https:\/\/containerdienst-speyer.de\/?page_id=15\",\"url\":\"https:\/\/containerdienst-speyer.de\/?page_id=15\",\"name\":\"Container & Pressen - Bachert Recycling\",\"isPartOf\":{\"@id\":\"https:\/\/containerdienst-speyer.de\/#website\"},\"datePublished\":\"2021-01-06T12:06:30+00:00\",\"dateModified\":\"2022-07-04T19:23:13+00:00\",\"breadcrumb\":{\"@id\":\"https:\/\/containerdienst-speyer.de\/?page_id=15#breadcrumb\"},\"inLanguage\":\"de\",\"potentialAction\":[{\"@type\":\"ReadAction\",\"target\":[\"https:\/\/containerdienst-speyer.de\/?page_id=15\"]}]},{\"@type\":\"BreadcrumbList\",\"@id\":\"https:\/\/containerdienst-speyer.de\/?page_id=15#breadcrumb\",\"itemListElement\":[{\"@type\":\"ListItem\",\"position\":1,\"name\":\"Home\",\"item\":\"https:\/\/containerdienst-speyer.de\/\"},{\"@type\":\"ListItem\",\"position\":2,\"name\":\"Container &#038; Pressen\"}]},{\"@type\":\"WebSite\",\"@id\":\"https:\/\/containerdienst-speyer.de\/#website\",\"url\":\"https:\/\/containerdienst-speyer.de\/\",\"name\":\"Bachert Recycling\",\"description\":\"Containerdienst und Recycling\",\"potentialAction\":[{\"@type\":\"SearchAction\",\"target\":{\"@type\":\"EntryPoint\",\"urlTemplate\":\"https:\/\/containerdienst-speyer.de\/?s={search_term_string}\"},\"query-input\":\"required name=search_term_string\"}],\"inLanguage\":\"de\"}]}<\/script>\n<!-- \/ Yoast SEO plugin. -->","yoast_head_json":{"title":"Container & Pressen - Bachert Recycling","robots":{"index":"index","follow":"follow","max-snippet":"max-snippet:-1","max-image-preview":"max-image-preview:large","max-video-preview":"max-video-preview:-1"},"canonical":"https:\/\/containerdienst-speyer.de\/?page_id=15","og_locale":"de_DE","og_type":"article","og_title":"Container & Pressen - Bachert Recycling","og_description":"Unsere Container und Pressen Absetzcontainer offen 5 m\u00b3\u00a0 L\u00e4nge: 3,1 m Breite: 1,95 m H\u00f6he: 1,25 m 7 m\u00b3\u00a0 L\u00e4nge: 3,6 m Breite: 1,95 m H\u00f6he: 1,6 m 10 m\u00b3\u00a0 L\u00e4nge: 4,2 m Breite: 1,95 m H\u00f6he: 2,05 m &nbsp; Absetzcontainer mit Deckel &nbsp; 5 m\u00b3 L\u00e4nge: 3,2 m Breite: 1,95 m H\u00f6he: 1,4 m [&hellip;]","og_url":"https:\/\/containerdienst-speyer.de\/?page_id=15","og_site_name":"Bachert Recycling","article_modified_time":"2022-07-04T19:23:13+00:00","og_image":[{"url":"https:\/\/containerdienst-speyer.de\/wp-content\/uploads\/2022\/07\/IMG-20220703-WA0103-e1656923563445.jpg"}],"twitter_card":"summary_large_image","twitter_misc":{"Gesch\u00e4tzte Lesezeit":"3\u00a0Minuten"},"schema":{"@context":"https:\/\/schema.org","@graph":[{"@type":"WebPage","@id":"https:\/\/containerdienst-speyer.de\/?page_id=15","url":"https:\/\/containerdienst-speyer.de\/?page_id=15","name":"Container & Pressen - Bachert Recycling","isPartOf":{"@id":"https:\/\/containerdienst-speyer.de\/#website"},"datePublished":"2021-01-06T12:06:30+00:00","dateModified":"2022-07-04T19:23:13+00:00","breadcrumb":{"@id":"https:\/\/containerdienst-speyer.de\/?page_id=15#breadcrumb"},"inLanguage":"de","potentialAction":[{"@type":"ReadAction","target":["https:\/\/containerdienst-speyer.de\/?page_id=15"]}]},{"@type":"BreadcrumbList","@id":"https:\/\/containerdienst-speyer.de\/?page_id=15#breadcrumb","itemListElement":[{"@type":"ListItem","position":1,"name":"Home","item":"https:\/\/containerdienst-speyer.de\/"},{"@type":"ListItem","position":2,"name":"Container &#038; Pressen"}]},{"@type":"WebSite","@id":"https:\/\/containerdienst-speyer.de\/#website","url":"https:\/\/containerdienst-speyer.de\/","name":"Bachert Recycling","description":"Containerdienst und Recycling","potentialAction":[{"@type":"SearchAction","target":{"@type":"EntryPoint","urlTemplate":"https:\/\/containerdienst-speyer.de\/?s={search_term_string}"},"query-input":"required name=search_term_string"}],"inLanguage":"de"}]}},"_links":{"self":[{"href":"https:\/\/containerdienst-speyer.de\/index.php?rest_route=\/wp\/v2\/pages\/15","targetHints":{"allow":["GET"]}}],"collection":[{"href":"https:\/\/containerdienst-speyer.de\/index.php?rest_route=\/wp\/v2\/pages"}],"about":[{"href":"https:\/\/containerdienst-speyer.de\/index.php?rest_route=\/wp\/v2\/types\/page"}],"author":[{"embeddable":true,"href":"https:\/\/containerdienst-speyer.de\/index.php?rest_route=\/wp\/v2\/users\/1"}],"replies":[{"embeddable":true,"href":"https:\/\/containerdienst-speyer.de\/index.php?rest_route=%2Fwp%2Fv2%2Fcomments&post=15"}],"version-history":[{"count":15,"href":"https:\/\/containerdienst-speyer.de\/index.php?rest_route=\/wp\/v2\/pages\/15\/revisions"}],"predecessor-version":[{"id":248,"href":"https:\/\/containerdienst-speyer.de\/index.php?rest_route=\/wp\/v2\/pages\/15\/revisions\/248"}],"wp:attachment":[{"href":"https:\/\/containerdienst-speyer.de\/index.php?rest_route=%2Fwp%2Fv2%2Fmedia&parent=15"}],"curies":[{"name":"wp","href":"https:\/\/api.w.org\/{rel}","templated":true}]}}