{"id":11,"date":"2021-01-06T12:05:53","date_gmt":"2021-01-06T12:05:53","guid":{"rendered":"https:\/\/containerdienst-speyer.de\/?page_id=11"},"modified":"2022-07-04T18:10:52","modified_gmt":"2022-07-04T18:10:52","slug":"ueber-uns","status":"publish","type":"page","link":"https:\/\/containerdienst-speyer.de\/?page_id=11","title":{"rendered":"\u00dcber uns"},"content":{"rendered":"<h4><img loading=\"lazy\" decoding=\"async\" class=\"wp-image-121 alignleft\" src=\"https:\/\/containerdienst-speyer.de\/wp-content\/uploads\/2022\/04\/122222142_2106558402810708_2426363568780489264_n-e1656953348197.jpg\" alt=\"\" width=\"546\" height=\"308\" srcset=\"https:\/\/containerdienst-speyer.de\/wp-content\/uploads\/2022\/04\/122222142_2106558402810708_2426363568780489264_n-e1656953348197.jpg 960w, https:\/\/containerdienst-speyer.de\/wp-content\/uploads\/2022\/04\/122222142_2106558402810708_2426363568780489264_n-e1656953348197-300x169.jpg 300w, https:\/\/containerdienst-speyer.de\/wp-content\/uploads\/2022\/04\/122222142_2106558402810708_2426363568780489264_n-e1656953348197-768x434.jpg 768w\" sizes=\"auto, (max-width: 546px) 100vw, 546px\" \/><\/h4>\n<div dir=\"auto\">\n<div dir=\"auto\"><span style=\"font-family: arial;\">Die Firma Bachert-Recycling GmbH &amp; Co. KG ist ein Abfallunternehmen welches sich auf die Entsorgung mittels Containern, der Altpapierentsorgung und Aktenvernichtung spezialisiert hat. Nach \u00fcber 45 Jahren Erfahrung, konnten wir uns auch langfristig erfolgreich im Abfallgewerbe etablieren und sind aktiv am Naturschutz beteiligt.<\/span><\/div>\n<div dir=\"auto\"><span style=\"font-family: arial;\">Unser Standort in Speyer ist gro\u00dfz\u00fcgig und nach neuesten Erkenntnissen angelegt. Durch regelm\u00e4\u00dfige Kontrollen der Fachbeh\u00f6rden k\u00f6nnen wir unseren Anforderungen und hohen Standards auch dauerhaft gerecht werden.<\/span><\/div>\n<div dir=\"auto\"><span style=\"font-family: arial;\">Unser Bestreben ist es, diese Leistungsf\u00e4higkeit st\u00e4ndig zu steigern und unseren Kunden in Preis und Leistung gerecht zu werden.<\/span><\/div>\n<\/div>\n<div dir=\"auto\"><\/div>\n<div dir=\"auto\"><\/div>\n<div dir=\"auto\">\n<hr \/>\n<p style=\"text-align: center;\"><span style=\"font-family: arial;\"><span style=\"font-size: x-large;\"><span style=\"color: #5261f0;\">Seit \u00fcber 45 Jahren erfolgreich im Abfallgewerbe t\u00e4tig.<\/span><\/span><\/span><\/p>\n<\/div>\n<div dir=\"auto\">\n<hr \/>\n<\/div>\n<div dir=\"auto\"><img loading=\"lazy\" decoding=\"async\" class=\"alignright wp-image-225 \" style=\"font-family: arial;\" src=\"https:\/\/containerdienst-speyer.de\/wp-content\/uploads\/2022\/07\/IMG-20220703-WA0075-e1656954680747.jpg\" alt=\"\" width=\"563\" height=\"282\" srcset=\"https:\/\/containerdienst-speyer.de\/wp-content\/uploads\/2022\/07\/IMG-20220703-WA0075-e1656954680747.jpg 1024w, https:\/\/containerdienst-speyer.de\/wp-content\/uploads\/2022\/07\/IMG-20220703-WA0075-e1656954680747-300x150.jpg 300w, https:\/\/containerdienst-speyer.de\/wp-content\/uploads\/2022\/07\/IMG-20220703-WA0075-e1656954680747-768x384.jpg 768w\" sizes=\"auto, (max-width: 563px) 100vw, 563px\" \/><\/div>\n<div dir=\"auto\"><span style=\"font-family: arial;\">Durch unseren breit aufgestellten Fuhrpark konnten wir unser Leistungsangebot \u00fcber die Jahre immer wieder<\/span><\/div>\n<div dir=\"auto\"><span style=\"font-family: arial;\">erweitern und bieten heute innovative und nachhaltige L\u00f6sungen zu Ihrer Entsorgung. Dabei beschr\u00e4nken wir uns nicht nur auf Gewerbe- und Industriekunden sondern auch auf der Privathaushalt. <\/span><\/div>\n<div dir=\"auto\"><span style=\"font-family: arial;\">Doch nicht nur der Fuhrpark ist ein wichtiger bestandteil der Firma Bachert-Recycling GmbH &amp; Co. KG. Nicht zuletzt ist unsere Papierpresse das Herzst\u00fcck unserer Firma und tr\u00e4gt durch die m\u00f6glichkeit des recycelns von Katronage und Papier einen erheblichen Teil zur Erhaltung unserer Umwelt bei.\u00a0<\/span><\/div>\n<div dir=\"auto\"><\/div>\n<hr \/>\n","protected":false},"excerpt":{"rendered":"<p>Die Firma Bachert-Recycling GmbH &amp; Co. KG ist ein Abfallunternehmen welches sich auf die Entsorgung mittels Containern, der Altpapierentsorgung und Aktenvernichtung spezialisiert hat. Nach \u00fcber 45 Jahren Erfahrung, konnten wir uns auch langfristig erfolgreich im Abfallgewerbe etablieren und sind aktiv am Naturschutz beteiligt. Unser Standort in Speyer ist gro\u00dfz\u00fcgig und nach neuesten Erkenntnissen angelegt. Durch [&hellip;]<\/p>\n","protected":false},"author":1,"featured_media":0,"parent":0,"menu_order":10,"comment_status":"closed","ping_status":"closed","template":"templates\/fullwidth.php","meta":{"footnotes":""},"class_list":["post-11","page","type-page","status-publish","hentry"],"yoast_head":"<!-- This site is optimized with the Yoast SEO plugin v20.4 - https:\/\/yoast.com\/wordpress\/plugins\/seo\/ -->\n<title>\u00dcber uns - Bachert Recycling<\/title>\n<meta name=\"robots\" content=\"index, follow, max-snippet:-1, max-image-preview:large, max-video-preview:-1\" \/>\n<link rel=\"canonical\" href=\"https:\/\/containerdienst-speyer.de\/?page_id=11\" \/>\n<meta property=\"og:locale\" content=\"de_DE\" \/>\n<meta property=\"og:type\" content=\"article\" \/>\n<meta property=\"og:title\" content=\"\u00dcber uns - Bachert Recycling\" \/>\n<meta property=\"og:description\" content=\"Die Firma Bachert-Recycling GmbH &amp; Co. KG ist ein Abfallunternehmen welches sich auf die Entsorgung mittels Containern, der Altpapierentsorgung und Aktenvernichtung spezialisiert hat. Nach \u00fcber 45 Jahren Erfahrung, konnten wir uns auch langfristig erfolgreich im Abfallgewerbe etablieren und sind aktiv am Naturschutz beteiligt. Unser Standort in Speyer ist gro\u00dfz\u00fcgig und nach neuesten Erkenntnissen angelegt. Durch [&hellip;]\" \/>\n<meta property=\"og:url\" content=\"https:\/\/containerdienst-speyer.de\/?page_id=11\" \/>\n<meta property=\"og:site_name\" content=\"Bachert Recycling\" \/>\n<meta property=\"article:modified_time\" content=\"2022-07-04T18:10:52+00:00\" \/>\n<meta property=\"og:image\" content=\"https:\/\/containerdienst-speyer.de\/wp-content\/uploads\/2022\/04\/122222142_2106558402810708_2426363568780489264_n-e1656953348197.jpg\" \/>\n<meta name=\"twitter:card\" content=\"summary_large_image\" \/>\n<meta name=\"twitter:label1\" content=\"Gesch\u00e4tzte Lesezeit\" \/>\n\t<meta name=\"twitter:data1\" content=\"2\u00a0Minuten\" \/>\n<script type=\"application\/ld+json\" class=\"yoast-schema-graph\">{\"@context\":\"https:\/\/schema.org\",\"@graph\":[{\"@type\":\"WebPage\",\"@id\":\"https:\/\/containerdienst-speyer.de\/?page_id=11\",\"url\":\"https:\/\/containerdienst-speyer.de\/?page_id=11\",\"name\":\"\u00dcber uns - Bachert Recycling\",\"isPartOf\":{\"@id\":\"https:\/\/containerdienst-speyer.de\/#website\"},\"datePublished\":\"2021-01-06T12:05:53+00:00\",\"dateModified\":\"2022-07-04T18:10:52+00:00\",\"breadcrumb\":{\"@id\":\"https:\/\/containerdienst-speyer.de\/?page_id=11#breadcrumb\"},\"inLanguage\":\"de\",\"potentialAction\":[{\"@type\":\"ReadAction\",\"target\":[\"https:\/\/containerdienst-speyer.de\/?page_id=11\"]}]},{\"@type\":\"BreadcrumbList\",\"@id\":\"https:\/\/containerdienst-speyer.de\/?page_id=11#breadcrumb\",\"itemListElement\":[{\"@type\":\"ListItem\",\"position\":1,\"name\":\"Home\",\"item\":\"https:\/\/containerdienst-speyer.de\/\"},{\"@type\":\"ListItem\",\"position\":2,\"name\":\"\u00dcber uns\"}]},{\"@type\":\"WebSite\",\"@id\":\"https:\/\/containerdienst-speyer.de\/#website\",\"url\":\"https:\/\/containerdienst-speyer.de\/\",\"name\":\"Bachert Recycling\",\"description\":\"Containerdienst und Recycling\",\"potentialAction\":[{\"@type\":\"SearchAction\",\"target\":{\"@type\":\"EntryPoint\",\"urlTemplate\":\"https:\/\/containerdienst-speyer.de\/?s={search_term_string}\"},\"query-input\":\"required name=search_term_string\"}],\"inLanguage\":\"de\"}]}<\/script>\n<!-- \/ Yoast SEO plugin. -->","yoast_head_json":{"title":"\u00dcber uns - Bachert Recycling","robots":{"index":"index","follow":"follow","max-snippet":"max-snippet:-1","max-image-preview":"max-image-preview:large","max-video-preview":"max-video-preview:-1"},"canonical":"https:\/\/containerdienst-speyer.de\/?page_id=11","og_locale":"de_DE","og_type":"article","og_title":"\u00dcber uns - Bachert Recycling","og_description":"Die Firma Bachert-Recycling GmbH &amp; Co. KG ist ein Abfallunternehmen welches sich auf die Entsorgung mittels Containern, der Altpapierentsorgung und Aktenvernichtung spezialisiert hat. Nach \u00fcber 45 Jahren Erfahrung, konnten wir uns auch langfristig erfolgreich im Abfallgewerbe etablieren und sind aktiv am Naturschutz beteiligt. Unser Standort in Speyer ist gro\u00dfz\u00fcgig und nach neuesten Erkenntnissen angelegt. Durch [&hellip;]","og_url":"https:\/\/containerdienst-speyer.de\/?page_id=11","og_site_name":"Bachert Recycling","article_modified_time":"2022-07-04T18:10:52+00:00","og_image":[{"url":"https:\/\/containerdienst-speyer.de\/wp-content\/uploads\/2022\/04\/122222142_2106558402810708_2426363568780489264_n-e1656953348197.jpg"}],"twitter_card":"summary_large_image","twitter_misc":{"Gesch\u00e4tzte Lesezeit":"2\u00a0Minuten"},"schema":{"@context":"https:\/\/schema.org","@graph":[{"@type":"WebPage","@id":"https:\/\/containerdienst-speyer.de\/?page_id=11","url":"https:\/\/containerdienst-speyer.de\/?page_id=11","name":"\u00dcber uns - Bachert Recycling","isPartOf":{"@id":"https:\/\/containerdienst-speyer.de\/#website"},"datePublished":"2021-01-06T12:05:53+00:00","dateModified":"2022-07-04T18:10:52+00:00","breadcrumb":{"@id":"https:\/\/containerdienst-speyer.de\/?page_id=11#breadcrumb"},"inLanguage":"de","potentialAction":[{"@type":"ReadAction","target":["https:\/\/containerdienst-speyer.de\/?page_id=11"]}]},{"@type":"BreadcrumbList","@id":"https:\/\/containerdienst-speyer.de\/?page_id=11#breadcrumb","itemListElement":[{"@type":"ListItem","position":1,"name":"Home","item":"https:\/\/containerdienst-speyer.de\/"},{"@type":"ListItem","position":2,"name":"\u00dcber uns"}]},{"@type":"WebSite","@id":"https:\/\/containerdienst-speyer.de\/#website","url":"https:\/\/containerdienst-speyer.de\/","name":"Bachert Recycling","description":"Containerdienst und Recycling","potentialAction":[{"@type":"SearchAction","target":{"@type":"EntryPoint","urlTemplate":"https:\/\/containerdienst-speyer.de\/?s={search_term_string}"},"query-input":"required name=search_term_string"}],"inLanguage":"de"}]}},"_links":{"self":[{"href":"https:\/\/containerdienst-speyer.de\/index.php?rest_route=\/wp\/v2\/pages\/11","targetHints":{"allow":["GET"]}}],"collection":[{"href":"https:\/\/containerdienst-speyer.de\/index.php?rest_route=\/wp\/v2\/pages"}],"about":[{"href":"https:\/\/containerdienst-speyer.de\/index.php?rest_route=\/wp\/v2\/types\/page"}],"author":[{"embeddable":true,"href":"https:\/\/containerdienst-speyer.de\/index.php?rest_route=\/wp\/v2\/users\/1"}],"replies":[{"embeddable":true,"href":"https:\/\/containerdienst-speyer.de\/index.php?rest_route=%2Fwp%2Fv2%2Fcomments&post=11"}],"version-history":[{"count":19,"href":"https:\/\/containerdienst-speyer.de\/index.php?rest_route=\/wp\/v2\/pages\/11\/revisions"}],"predecessor-version":[{"id":243,"href":"https:\/\/containerdienst-speyer.de\/index.php?rest_route=\/wp\/v2\/pages\/11\/revisions\/243"}],"wp:attachment":[{"href":"https:\/\/containerdienst-speyer.de\/index.php?rest_route=%2Fwp%2Fv2%2Fmedia&parent=11"}],"curies":[{"name":"wp","href":"https:\/\/api.w.org\/{rel}","templated":true}]}}